h) + 6*s(h). Let l be a(5). Let z(j) be the first derivative of -j**2 - 12*j + 1. Give z(l).
4
Suppose -41*c - 5*j = -42*c - 13, -7 = 5*c + 4*j. Let i(k) = 12*k + 2. Give i(c).
-34
Let t = -8027/6 + 1338. Let x(y) be the second derivative of t*y**3 + 1/20*y**5 - 2*y**2 + 1/12*y**4 + 11*y + 0. Calculate x(0).
-4
Let l = 218 + -216. Let q(y) = -4 - 26*y + 19*y + l*y + 1. Calculate q(2).
-13
Suppose -7*u + 16 - 12 + 10 = 0. Let v(o) = -12*o**2 + 2*o + 2. Calculate v(u).
-42
Let k(y) = -y**2 - 5*y + 1. Suppose -5*u + 7 + 23 = 5*a, -a + 1 = 0. Let z(w) = -w + 3*w - u*w - 2 - w. Let t be z(1). What is k(t)?
-5
Let g(a) = -a**3 - a + 1. Let k = -31 + 32. Let z(q) = -2*q**3 + 3*q**2 + 6. Let v(p) = k*g(p) - z(p). Calculate v(4).
7
Let l(c) = 59*c - 26*c - 16*c - c + c**2 - 26*c + 10. Suppose 4*o = 8*y - 3*y - 90, 0 = -2*o - 10. Suppose 0 = 5*u + q - y - 26, -q = 0. Calculate l(u).
-6
Let t(p) = -11*p + 80. Let u(k) = 130*k - 950. Let m(b) = -95*t(b) - 8*u(b). Let s(j) = j**2 + j + 7. Let w be s(0). Suppose -w*c - 4 = -3*c. Give m(c).
-5
Suppose 0 = -2*j + j - 4. Let i(o) = o**3 + 8*o**2 + 3*o. Let s(b) = b**3 + 9*b**2 + 4*b. Let p(q) = -3*i(q) + 2*s(q). What is p(j)?
-28
Let b(w) = -87*w - 82. Let h(f) = -78*f - 85. Let y(r) = 10*b(r) - 11*h(r). Calculate y(9).
7
Let g(s) be the second derivative of s**3/6 + 64*s. Let h(w) = -6*w - 71. Let p be h(-13). Calculate g(p).
7
Suppose -4*y = -j - 1, 41*j + 3 = 38*j - 2*y. Let p(t) = 15*t**2 + 2*t + 1. Determine p(j).
14
Let u(q) = -277*q + 253. Let g be u(1). Let p(i) = -i**3 - 22*i**2 + 49*i + 21. Give p(g).
-3
Let f(w) = 2*w - 3. Let r be f(8). Let j(s) = -s + r*s**2 + 1 + 3 - 14*s**2. Calculate j(-4).
-8
Let i(h) = -15*h - 31. Let j be i(-2). Let l(u) = 2*u + 2*u + 12 - u**3 + 3*u**3. Let o(c) = c**3 + c. Let p(a) = j*l(a) + 3*o(a). Determine p(0).
-12
Let t = -3 - -6. Let n(s) be the third derivative of s**4/6 + s**3/6 + 16890*s**2. Calculate n(t).
13
Let p(l) = 3*l**3 - 8*l**2 - 3*l - 6. Let b(v) = -2*v**3 + 8*v**2 + 2*v + 6. Let m(y) = 4*b(y) + 3*p(y). Let r(f) = 6*f + 4. Let h be r(-2). Determine m(h).
14
Let r be 0 + 1 + -179 + 192. Let i(l) = l**3 - 12*l**2 - 28*l + 8. Calculate i(r).
8
Let k(j) = -7*j + 42. Let q be (((-2)/(-6))/((-8)/(-12)))/(15/270). Calculate k(q).
-21
Let f(s) = -9*s - 2. Suppose -q + 65 + 38 = 0. Let z = q - 100. What is f(z)?
-29
Let a be ((-104)/(-156))/(3/90). Let q(x) = -x - 24. Give q(a).
-44
Let a(w) = -2*w + 4. Let m(l) = -60*l + 1018. Let r be m(17). Calculate a(r).
8
Let x(f) = f**3 + 6*f**2 - 3*f - 8. Suppose 15*z - 4*n - 24 = 20*z, z = 4*n - 24. Determine x(z).
-112
Let j be (((-28)/14)/(-1))/11 - 4/22. Let x(i) be the second derivative of -1/3*i**3 - 12*i + 1/2*i**2 + j - 1/12*i**4. Give x(-4).
-7
Let o(v) = 5*v**2 - 7*v - 9. Let u(y) = -2*y**2 + 4*y + 4. Let k(l) = -3*o(l) - 7*u(l). Let n(g) = -150*g + 2244. Let f be n(15). What is k(f)?
5
Let s be (-26 - 3995/(-141))/(16/18 + -1). Let z(t) = 0*t**2 + 27 + 3*t**3 + t - 4*t**3 - 21*t**2. What is z(s)?
6
Let k(q) be the first derivative of -9*q**2/2 - 50*q - 1249. Give k(-5).
-5
Let n(s) = s**3 - 6*s**2 + 4*s - 1. Suppose 4 = 3*d + c, -d + 3*d = c + 6. Suppose d*a - 10 = 4. Suppose -3*i = -2*f - 2*f - a, f - 22 = -4*i. Determine n(i).
-6
Let l(r) = r**2 - 4*r + 10. Suppose -2*k = 2*x + 18, -k = -299 + 301. What is l(x)?
87
Let l(c) = -c**3 + 7*c. Suppose 555 = 122*w + 63*w. Calculate l(w).
-6
Let r(v) = 3*v**2 - 21*v + 4. Let n(d) = 5*d**2 - 14*d + 3. Let j(c) = 3*n(c) - 2*r(c). Suppose -3*k = 0, 5*k + 1 = -2*y - 1. Give j(y).
10
Let o(h) = 2*h + 10*h**2 + 5 - 54 - 4 - 3*h**2 - 2*h**3 + 56. What is o(4)?
-5
Suppose 44 = 21*b - 19. Let i(k) = -2*k**b - 9*k**2 + k**3 + 78*k - 67*k. What is i(-10)?
-10
Let z(o) be the second derivative of -o**3/3 + 22*o. Calculate z(8).
-16
Let c be 7*9/(-126)*-14. Let n(d) = -d**3 + 6*d**2 + 11*d - 7. Calculate n(c).
21
Suppose 155 = 146*d + 1469. Let z(f) = f**3 + 7*f**2 - 15*f + 10. Determine z(d).
-17
Suppose -2*h - 4*x = -4 - 20, x = -2*h + 27. Suppose -5*z - 23 = 3*c, 2*c + h*z - 9*z = -22. Let n(d) = -7*d**2 + d. Determine n(c).
-8
Let h(k) = k**3 + 3*k**2 + 2. Let l(n) = 6*n**3 + 4*n + 4. Let m(f) = -5*h(f) + l(f). What is m(15)?
54
Let k(q) = -6*q**2 + 21*q - 12. Let s(v) = -7*v**2 + 26*v - 13. Let t(f) = -6*k(f) + 5*s(f). What is t(-5)?
12
Let h(b) = b**2 - 10*b - 14. Suppose 592*t - 1140 = 516*t. Determine h(t).
61
Let d(n) = n**3 + n**2 - n. Let f(w) = -6*w**2 - 1 - 9*w**3 + 2 + 0 + 7*w. Let q = -3375 + 3381. Let s(c) = q*d(c) + f(c). Give s(-1).
3
Let u(b) = b**2 + b - 2. Let h be u(-3). Let k be 441/12 + (-51)/68. Let p be h*(k/8)/(-9). Let x(j) = j - 1. Determine x(p).
-3
Let a(s) = -s - 16. Let d(y) = -120*y + 1693. Let w be d(14). Give a(w).
-29
Let f(j) be the first derivative of -3*j**2 + j + 1/4*j**4 - 2 + 2*j**3. Suppose -2827*m + 2825*m + 10 = 2*g, -m = -12. Calculate f(g).
-6
Let d(b) be the third derivative of b**5/60 + 19*b**4/24 + b**3 - 2965*b**2. What is d(-16)?
-42
Let h(w) = 2883*w + 3*w**2 + 3*w**3 - 2876*w - 4*w**3. Let k(q) = -q**3 + 2*q**2 + 8*q - 1. Let z(i) = 4*h(i) - 3*k(i). What is z(6)?
27
Let f(x) = 3157*x - 5. Let l(d) = 7366*d - 11. Let c(k) = -7*f(k) + 3*l(k). Let t(v) = 6*v - 1. Let p be t(-1). Give c(p).
9
Let v(o) = 2 + 0*o + 6*o + o. Suppose 9*p = -131 + 113. Give v(p).
-12
Let q = 2140 - 2142. Let l(g) = g**3 + g**2 + 9*g + 2. Determine l(q).
-20
Let j(l) = -18 + 12*l - 24301*l**2 + 24302*l**2 - 12. Give j(-7).
-65
Let a be (-132)/(-60) + 11/(-55). Let i(o) be the second derivative of 1/4*o**4 - 25*o + 0 - 1/2*o**3 - 3/2*o**a. Calculate i(3).
15
Let v(p) = 16*p - 20*p + 12*p - 5 - p**2. Suppose 5*h = -4*k + 21, 7 = 2*h - 6*k + 9*k. What is v(h)?
10
Let d(b) be the first derivative of 260 - 1/2*b**2 + 11*b. Give d(6).
5
Let b(p) = -p**3 - p**2 - p - 3. Let a be b(0). Let l(k) = -13 + 21 - 69 + 18 + 21 + 24 + 3*k**2 + 2*k. What is l(a)?
23
Suppose 0 = u + 2*d - 14, 53*u + 5*d - 22 = 57*u. Let b(z) = -31*z + 8. Give b(u).
-54
Let r(j) = 4*j + 3. Let y = 12 + 14. Suppose -c + 59 = -2*l, -c = -4*l - 125 + 10. Let h = y + l. What is r(h)?
-5
Let r(t) = t**3 - 6*t**2 - 4*t + 10. Let u be r(7). Let l = u + -31. Let c(d) be the second derivative of -d**5/20 - 7*d**2/2 - 7*d. Determine c(l).
-7
Suppose 0 = 6*j - 2*j. Let o be (4/(-1) - -6) + (j - -2). Let l(c) = 0*c + 2*c - 3*c - 1 - 2. Determine l(o).
-7
Let p(i) = 5*i + 3. Let u(d) = -d - 1. Let o(l) = p(l) + 6*u(l). Let z(c) = 2*c**2 - 3*c - 1. Let g be z(3). Suppose -2*w = 3*n + 10, w - g = -w. What is o(n)?
3
Let p(d) = d**3 - 7. Suppose 3*i - 9 = -0*i. Suppose 0 = 2*m + 3*m + 20, i*j + 4 = -m. Suppose 0 = -t - j*t. Give p(t).
-7
Let r(b) = -13*b**2 - 21*b - 24. Let g(z) = -9*z**2 - 21*z - 25. Let a(u) = 23*u - 296. Let y be a(13). Let n(f) = y*g(f) - 2*r(f). Give n(-19).
11
Let o(c) = -17*c**2 - 8*c**2 + 12*c**3 + 23*c**2 + 22*c**3 - 39*c**3 + 1. Determine o(1).
-6
Let f(y) = -2*y**2 - 44*y - 6. Let h(j) = j**2 + 58*j + 8. Let d(w) = 4*f(w) + 3*h(w). Determine d(-2).
-16
Let q(v) = 767*v - 2303*v - 13 + 754*v + 757*v. Give q(3).
-88
Let z(k) = -2*k - 3. Suppose 5*l - i = 50, 0*l - 5*i + 10 = l. Let f(b) = -1 - 1 - 2*b + 9*b**2 - 5*b - l*b**2. Let w be f(-6). Calculate z(w).
-11
Let c(z) = -8*z**2 - 3*z**2 - 10142*z**3 + 10*z**2 + 10153*z**3. Let q = -3 + 2. What is c(q)?
-12
Suppose 4*w + 0*w - 23 = j, 5*w - 2*j - 31 = 0. Let x = 9 + w. Suppose -s + x*p - 17*p = 5, 4*s - p + 7 = 0. Let n(u) = -3*u + 2. What is n(s)?
8
Let z(r) be the second derivative of 7*r**5/10 - r**4/12 - r**3/6 + r**2/2 + 2661*r. Calculate z(-1).
-13
Suppose 4*j = -4*o + 32, -42*j + 12 = -45*j. Let y(d) = -o*d + 6*d**3 + 0*d**2 - 7*d**3 + 4 + 12*d - 2*d**2. Determine y(-2).
4
Let h(d) = d**2 + 7*d - 6. Suppose 0 = -9*c + 21*c - 96. Let z(t) = t**2 - 70. Let o be z(c). Give h(o).
-12
Let v = 124 + -118. Suppose -v*m + 1 = -7*m. Let z(b) = -45*b**3 - b**2 + 6*b - 4. Let t(f) = 15*f**3 - 2*f + 1. Let i(u) = 7*t(u) + 2*z(u). What is i(m)?
-16
Let n(y) be the second derivative of 1/12*y**4 - 1/6*y**3 - 2*y**2 + 6 - 2*y. Give n(-4).
16
Let a(v) = 7*v - 23. Let c(l) = -8*l + 30. Let x(r) = -6*a(r) - 5*c(r). Determine x(-4).
-4
Suppose 22*b + 4*p = 23*b - 27, -b = -p - 36. Suppose -4*s - 2*w - 38 = w, -3*s + 3*w - b = 0. Le